is the units digit of y?
8
Let u(z) = -z**3 - 117*z**2 - 19*z + 1544. What is the units digit of u(-121)?
7
Let r(x) = -7*x**2 - 2*x. Let w be r(-2). Let m = -14 - w. Suppose m*b - 7*b = 123. What is the units digit of b?
1
Let s(k) = 239*k**2 + 218*k + 2795. What is the ten thousands digit of s(-12)?
3
Suppose 3*k + 29637 = 2*r + 3084, 2*r - 26541 = -k. What is the units digit of r?
2
Suppose 179*y - 2710 = 169*y. What is the thousands digit of (-5*y/4)/(24/(-96))?
1
Let q = 21010 - 5578. What is the ten thousands digit of q?
1
Let j(t) = -42*t + 4. Suppose -5*a = 4*w + 24, -27 = 3*a + 4*w - 11. What is the units digit of j(a)?
2
Suppose 0 = 20*i - 15*i + 1945. Let g = 324 - i. What is the hundreds digit of g?
7
Let u(v) = 2*v + 19. Suppose 4*x + 4*n + 12 = 0, 0*x - 8 = 2*x + 3*n. Let l be x - (-17 - -3 - -3). What is the units digit of u(l)?
9
Let h = 9476 - 5091. What is the hundreds digit of h?
3
Let b = 2833 - -3334. What is the hundreds digit of b?
1
Let j(d) = 5965*d**2 - 920*d - 1. What is the ten thousands digit of j(2)?
2
Let m(x) = -39*x**3 + x**2 + 4*x - 2. Let u be m(2). Let z = 1251 + u. What is the tens digit of z?
4
Let a(l) = -15*l**2 - 9*l + 3. Let c(y) = 10*y - 4 + 2*y**2 + 8*y**2 + 6*y**2. Let d(p) = -7*a(p) - 6*c(p). What is the tens digit of d(-2)?
3
Suppose h + 679 = q, 4*h - 498 = -2*q + 866. Let a = 987 - q. What is the hundreds digit of a?
3
Let l(p) = -2*p**3 - 36*p**2 - 33*p + 13. Let q be l(-17). What is the units digit of 799 - (q - -7)/((-15)/(-25))?
4
Let o = -11544 + 17028. What is the tens digit of o?
8
Suppose 5*o + 4*t - 58 = 0, -44 = -5*o - 2*t + 5*t. Let s be ((-348)/(-5))/(82/(-205)). What is the units digit of -14 + o + (-2 - s)?
8
Suppose 4*i - i + 1223 = 4*m, 1552 = 5*m + 4*i. Let d be 2/6 + m/21. Suppose d = 6*h + 3. What is the units digit of h?
2
Suppose -39*b + 35*b = -l + 7339, 2*l - 3662 = 2*b. Let p = -594 - b. What is the hundreds digit of p?
2
Suppose 4*z + 172 - 160 = 0, 3*j + 2*z = 555. Suppose 3*a + 5*t - 260 = 0, -5*t - 300 = 3*a - 7*a. Let o = a + j. What is the units digit of o?
7
Let w(h) = -h**3 + 17 + 2*h**2 + 14*h**2 - 8*h + 14*h**2 - 18*h**2. What is the tens digit of w(11)?
5
Let y(w) = -21*w**3 - 10*w**2 - 32*w - 40. What is the hundreds digit of y(-6)?
3
Let b(d) = -d - 2. Let n be b(-4). Suppose n*w - 8 = -5*r, 5*w - 1 + 6 = 0. Suppose 40 = -r*a + 4*a. What is the tens digit of a?
2
Let v(a) = a + 35. Let d be v(-20). Suppose -17*r + d*r = 0. What is the units digit of -1 + (-1 - 1) + 42 + r?
9
Let j(m) = 232*m + 161 + 229*m - 468*m. What is the hundreds digit of j(-14)?
2
Let x(r) = 7*r**2 - 22*r - 102. Let d(p) = 5*p**2 - 27*p + 1. Let z be d(5). What is the tens digit of x(z)?
6
Let w(n) = 2*n**2 + 6*n + 5. Let t be w(0). Suppose 0 = t*l + 916 - 7376. What is the hundreds digit of l?
2
What is the units digit of (-74688)/(-480)*(-85)/(-2)?
3
Let a = -7018 - -11854. What is the hundreds digit of a?
8
Let s = 6822 + 3675. What is the tens digit of s?
9
Let d = -24533 + 35039. What is the tens digit of d?
0
Let a = 468 + -468. What is the tens digit of (a - 3)*(-2 + 3)*-7?
2
Let q = 753 + -633. Suppose 5*d = b + q - 404, -4 = 4*d. What is the units digit of b?
9
Let a = -84720 - -123417. What is the ten thousands digit of a?
3
Let z(l) be the first derivative of -41*l**2/2 + 21*l + 79. What is the tens digit of z(-18)?
5
Let p be ((-189)/36)/((-6)/1312). Suppose -3*v + 80 = 13*v. Suppose v*o = o + p. What is the hundreds digit of o?
2
Let b(p) = -5*p - 17. Let v(i) = 11*i + 39. Let d(m) = 7*b(m) + 4*v(m). Suppose 5*x - 30 = h - 0*h, -3*h = 0. What is the tens digit of d(x)?
9
Suppose 0 = 9*r - 0*r + 144. Let t(v) = 2*v**2 + 21*v - 37. Let z be t(r). Suppose 0 = 3*h - z + 13. What is the tens digit of h?
4
Let x(d) = 30*d**2 - 2. Let y be x(2). Let t = y + 281. What is the tens digit of t?
9
Suppose 2405 = 3*p - 745. Suppose -3*h = -p - 3546. What is the hundreds digit of h?
5
Let b = -93 - -141. What is the units digit of (-6 - (-105)/12)*b?
2
Let y be 2/(-8) - (-1113)/84. Suppose v + 10*u - 15 = 7*u, v - 4*u + y = 0. Suppose j - 29 = -v*m + 35, 3*j = -m + 24. What is the units digit of m?
1
Let w(o) = -6622*o - 5098. What is the thousands digit of w(-6)?
4
Let s be 2/6*24/(-8). What is the tens digit of ((-867)/(-15) + s)/((-4)/(-10))?
4
Let u(q) = -2*q**2 + 75*q - 100. Let w be u(39). Let s = w + 877. What is the hundreds digit of s?
6
Let p = -9947 + 51432. What is the units digit of p?
5
Suppose 134*z - 1943007 = 101*z. What is the tens digit of z?
7
Suppose 47386 = 4*i + s, -i + 11848 = 14*s - 13*s. What is the hundreds digit of i?
8
What is the units digit of (-2 - (6 + 2))*37592/(-185)?
2
Let h(q) = 10*q - 38. Let w(u) = u + 1. Let x(j) = -h(j) - w(j). What is the units digit of x(-5)?
2
Let t(c) = -31*c + 7. Let z be (-22 - -22) + (-2)/(-1). Suppose 5*p - q + 18 = -10, -4*p - 14 = z*q. What is the hundreds digit of t(p)?
1
Let u(c) = 681*c + 7158. What is the units digit of u(0)?
8
Suppose -106*s = -108*s + 2520. Suppose -12*t + 21*t - s = 0. What is the units digit of (-3)/(5/(t/(-12)))?
7
Let b = 61 - 55. Suppose 0 = -b*t + 66 + 174. What is the units digit of t/30 + 218/3?
4
Let m(s) = 1472*s + 1736. What is the thousands digit of m(11)?
7
Let g(h) = -13*h + 30. Let c be g(2). Suppose -7400 = -4*m - 2*i, -1209 = -m - c*i + 648. What is the hundreds digit of m?
8
Let y be 2/4*(-16 + 13)*2. What is the tens digit of (34/(-4))/(y/18)?
5
Let i(a) = 15*a**2 - 15*a - 112. What is the units digit of i(-12)?
8
Suppose 9*z = 34414 - 6127. What is the hundreds digit of z?
1
Let n = 1366 - -5523. What is the hundreds digit of n?
8
Let c(o) = -40*o - 8. Let a be c(-7). Let d(l) = 2*l**2 + l. Let h be d(-2). Suppose -h*z + 10*z - a = 0. What is the tens digit of z?
6
Let b(m) = 286*m - 1392. What is the units digit of b(49)?
2
What is the tens digit of 2/10 - 7958992/(-340)?
0
Let o(k) = 1004*k**2 + 123*k + 692. What is the ten thousands digit of o(-6)?
3
Let t(m) = 6*m**3 + 24*m**2 - 197*m - 91. What is the hundreds digit of t(11)?
6
Let q = 74 - 75. Let y be -25*((-22)/(-5))/q. Let r = y - 55. What is the tens digit of r?
5
Let u(h) = -h**3 - 11*h**2 + 26*h - 5. Let f be u(-13). What is the tens digit of (-357)/f - 38/95?
7
Suppose j - t + 4 = 0, 0 = 3*j - 0*j + 4*t - 2. What is the units digit of 49696/72 + j/9?
0
Suppose -4*j + 2*h + 2 = 0, 5*j - 3*h - 7 = -5. What is the tens digit of 838 + ((-4)/(3 - j))/(-1)?
4
Let q be 1 + (11 - 2)*(-8)/(-36). Suppose -q*w + 241 = -200. What is the tens digit of w?
4
Let h(y) = -373*y - 5733. What is the units digit of h(-111)?
0
Let p = 43 - 40. Let u be -5 - -1 - (p - 5). What is the units digit of (-1)/u - 2/(8/(-154))?
9
Let v = 1043 + -34. Suppose 5*k = -0*k - t + 1247, 3*t + v = 4*k. What is the tens digit of k?
5
Let t = -30 - -33. Suppose 4*h - 180 = -2*k + 284, -t*k = h - 116. Suppose 2*u - h = -0*u. What is the units digit of u?
8
Suppose 18*j - 102 = 52*j. Let l(b) = 1 + 0*b + b + 9*b**2 + 5. What is the units digit of l(j)?
4
Let z be (110/(-77) - (-2)/21)*-3. Suppose -3*w - 2364 = -3*d, 2180 + 1763 = 5*d - z*w. What is the units digit of d?
1
Let f(l) = 6*l**3 - 33*l**2 - 5*l**3 + 35*l**2 - 19*l**2 - 34 + 50*l. What is the tens digit of f(15)?
6
Let h be -14*(-3)/((567/6)/9). Suppose -2*j = 3*x - 7*j - 121, 2*j = h*x - 180. What is the tens digit of x?
4
Suppose -4*o + 5 = -3*u, -4*u - 2*o + 0 = -30. Suppose -38 + 3 = u*i. What is the tens digit of (-2)/(-6) + i/(21/(-200))?
6
Let t = 244 - 253. Let c(a) = a**3 + 20*a**2 + 13*a - 6. What is the hundreds digit of c(t)?
7
Let q(g) = 19*g**3 + 2*g**2 - 20*g + 11. Let t be q(5). Suppose -11*i = -5397 - t. What is the units digit of i?
3
Suppose 13*g + 16*g = 5*g + 476328. What is the units digit of g?
7
What is the thousands digit of (16/8 - 72/30)/(12/(-1931880))?
4
Suppose -2*c - 36958 = -2*s, -18479 = 7*s - 8*s - 3*c. What is the ten thousands digit of s?
1
Suppose 4*c + 10148 - 28162 = 58610. What is the units digit of c?
6
Let w(m) = -25*m + 6. Let a be w(3). Let x = a + 90. What is the tens digit of x?
2
Suppose -39*l + 35*l + 79405 - 8845 = 0. What is the hundreds digit of l?
6
Let a be (0/2)/(-4 - -5) - 28. Let d be 860/14 - a/49. Let j = 250 - d. What is the tens dig